 29, 2*c + 146 + 23 = 5*i. Let g = i - 21. What is the greatest common factor of u and g?
12
Let a(s) be the first derivative of -s**4/4 + 5*s**3/3 - s**2/2 - 1. Let t be a(4). What is the greatest common factor of 36 and t?
12
Let q be (36/60)/(1/325). What is the highest common factor of q and 65?
65
Suppose 5*n - 39 - 16 = 0. Suppose 0 = -3*p - 2 + n. Suppose -5*t = -5*r - 16 + 46, -r + 10 = -2*t. Calculate the highest common factor of p and r.
1
Let c(n) = 50*n - 440. Let p be c(9). Calculate the greatest common divisor of p and 1810.
10
Let u be (-4)/(-16)*4*4 - 1. Suppose -47 = -3*t - 4*o, -2*o - 22 = -t + u*o. What is the highest common factor of t and 34?
17
Let a be 1/2 - (-1 - 276/8). What is the highest common divisor of a and 96?
12
Let t(i) = -3*i + 23. Let l be t(0). Let o = l + 19. What is the highest common factor of 28 and o?
14
Let o be 134 + 27 - (-2)/(-4)*2. What is the highest common factor of 96 and o?
32
Suppose -5*b + 4*o + 52 = 0, -2*o = o - 6. Let u be (b/5)/(18/360). What is the highest common factor of 36 and u?
12
Let r be (15 + 0)*(-16)/(-48). Suppose r*i + 2*b = 53, -6*i = -3*i + 4*b - 43. Calculate the highest common factor of 9 and i.
9
Suppose -6*y + 195 = -y - 5*b, 5*y - 199 = b. Calculate the greatest common divisor of y and 90.
10
Suppose -49*r + 24*r = -2100. Let v be 12/(-18) + 38/3. Calculate the highest common divisor of r and v.
12
Let z(w) = 5*w**2 - 33*w - 119. Let q be z(-4). Calculate the greatest common divisor of q and 62.
31
Let h(o) = o**2 - 15*o - 12. Let d be h(17). Suppose -4*j - d = -30. Calculate the greatest common divisor of 16 and j.
2
Let w(f) be the third derivative of 7*f**4/24 - 7*f**3/3 + 12*f**2. Let c be w(6). Calculate the greatest common factor of c and 4.
4
Let y(q) = -q + 2. Let g(r) = r. Let x(p) = 4*g(p) + y(p). Let z be x(-8). Let k = z + 44. Calculate the greatest common divisor of k and 55.
11
Suppose 0 = 36*t - 2073 - 3687. What is the highest common factor of 40 and t?
40
Let l(y) = -y**2 + 30*y + 113. Let c be l(33). Calculate the highest common divisor of 238 and c.
14
Let z = -54 + 30. Let p be (2 + z/4)*-7. Let x = 5 + -1. What is the greatest common divisor of x and p?
4
Let o = 136 - 47. Let n = -50 + o. What is the greatest common factor of n and 26?
13
Let z be 2/((-72)/(-63))*84. What is the greatest common divisor of 63 and z?
21
Let l be 18/36 + 31/2. Let d = -54 - -78. What is the greatest common divisor of l and d?
8
Let h(r) = 4 - 3 + r + r**2 + 1 - 6. Let y be h(-3). Suppose -b = -y*b + 2. Calculate the greatest common factor of b and 2.
2
Suppose 4*s = -4*h + 36, -h + 7 + 10 = 5*s. Let x(o) = 2*o**2 - 1. Let n be x(-2). What is the greatest common divisor of n and h?
7
Let y be (-9)/(-3)*2/(-2). Let g(d) = -d**3 - 2*d**2 + 2*d + 2. Let o be g(y). Suppose m = 5 + o. What is the highest common divisor of 10 and m?
10
Let c be (0 - (3 - -2))*-13. Calculate the greatest common divisor of c and 39.
13
Suppose -4*m + t + 12 = -t, 0 = -5*m - 5*t + 30. Suppose 4*o = -m*d + 40, 2*o + o = 0. Suppose -5*c = -c - 40. Calculate the highest common factor of d and c.
10
Let o = 63 - 38. Let b be -20*((-60)/(-16) - 6 - -1). What is the highest common divisor of o and b?
25
Let l = 3 + 0. Suppose -l*z = 3, -4*z - 25 = -4*w - 3*z. Calculate the highest common divisor of w and 66.
6
Let q = -1272 + 1402. Calculate the highest common factor of 70 and q.
10
Suppose 43*v = 1013 + 793. What is the highest common factor of 1071 and v?
21
Suppose 2*i - 9*u = -5*u + 448, 3*u = 15. What is the greatest common divisor of i and 90?
18
Suppose 0 = 5*u + 25. Let a be (-10)/4*(u - -3). Suppose 3*j + 10 - 25 = 0. Calculate the greatest common factor of a and j.
5
Let s = 48 + -12. What is the greatest common factor of s and 12?
12
Suppose 19*w - 29*w + 10080 = 0. What is the highest common factor of 112 and w?
112
Let k = -38 + 46. What is the greatest common divisor of k and 24?
8
Let y be 1/3 - 7/3. Let v be (-9)/y - 5/(-10). What is the highest common divisor of 10 and v?
5
Let k be 3 + 226*(9 + 0). Calculate the greatest common divisor of k and 21.
21
Let o = 26 - -82. Let x = 5 + -3. Suppose -2*d - 26 = -2*l, x*d - 3 + 65 = 5*l. Calculate the highest common factor of l and o.
12
Let q be (2/(-3))/(-2 + 1103/552). What is the highest common divisor of 23 and q?
23
Suppose -13*r + 4992 = 11*r. Suppose -5*h + 151 - 21 = 0. Calculate the greatest common factor of r and h.
26
Suppose -2*q = -m - 5, 4*m - 11 = 4*q - 15. Calculate the highest common divisor of q and 4.
4
Suppose 4*r - 5 - 7 = 0. Let l(b) = 12*b + 4. Let q be l(r). What is the greatest common divisor of q and 10?
10
Suppose -614*y + 599*y = -600. Suppose u + 0*u = 8. Calculate the greatest common divisor of u and y.
8
Suppose 43 = -5*x + 3. Let w = 10 + x. Suppose -7*q + 165 = -w*q. Calculate the greatest common divisor of q and 22.
11
Let d be 17/(-4 + ((-287)/10)/(-7)). Let s be (395/6 - (-6)/36) + 2. What is the greatest common factor of d and s?
34
Suppose -2*a = 24 + 28. Let u = a + 33. Let m = 19 - 12. What is the highest common divisor of m and u?
7
Suppose 0 = 3*k - 5*c - 71, -8*k = -4*k + c - 87. Let r = -12 + k. Suppose 0 = 10*o - 11*o + r. What is the greatest common factor of o and 80?
10
Let r be (2/(-4))/((-10)/80). Suppose 0 = 2*h + 10, 5*d + 35 - 270 = 3*h. What is the greatest common divisor of d and r?
4
Suppose -294 - 126 = -5*h. Calculate the greatest common divisor of h and 378.
42
Suppose 28 = -3*v + 5*v. What is the highest common factor of v and 224?
14
Suppose -l = r + 22, 36 = -4*l + 3*r - 24. Let t be 14/l + 6/(-27) + 6. What is the greatest common factor of 125 and t?
5
Suppose 4*w = 2*t + 6 + 20, -2*t + 46 = 5*w. Let z be ((-3)/(-3))/(1/w). What is the highest common factor of z and 80?
8
Let l(v) = 2*v**2 + v + 4. Suppose 0*q = 3*r + q - 14, -5*r - 4*q = -35. Let s be l(r). Calculate the highest common divisor of 10 and s.
5
Let f = 3077 - 1991. What is the highest common factor of 6 and f?
6
Let i(u) = 3*u + 25. Let s be i(-3). Let z(l) = -l**3 - l**2 - 4*l. Let g be z(-4). What is the highest common divisor of g and s?
16
Suppose 32571 = 33*s - 63987. What is the highest common factor of s and 14?
14
Let d = 233 + -183. What is the highest common divisor of 40 and d?
10
Let c be (64/6)/((-5)/(-15)). Suppose 3*f + 353 = p + 2*f, 2*p - 5*f = 709. What is the greatest common factor of c and p?
32
Suppose 3*u - 3 = -9. Let l = 18 + u. Calculate the highest common factor of 80 and l.
16
Let z be (2 + (-21)/9)/(1/12). Let h(c) = -c**3 - 2*c**2 - 16*c - 8. Let r be h(z). Calculate the greatest common factor of r and 66.
22
Suppose 7*l = 15 - 148. Let w = 54 + l. What is the greatest common divisor of 14 and w?
7
Let n = -214 - -229. Suppose 4*y - 660 = 2*c, y + c + c - 165 = 0. What is the greatest common divisor of y and n?
15
Let l be (12/30)/((-2)/(-350)). Suppose -59 = 22*v - 367. Calculate the greatest common factor of l and v.
14
Suppose 4*n - 2 - 6 = 5*g, 5*g - 2 = -n. Suppose -78 = -4*q - 2*k, g*q = 2*q + 4*k - 24. Calculate the highest common divisor of q and 11.
11
Let l be (-5)/((-15)/(-9)) - -383. What is the greatest common divisor of l and 19?
19
Let l = -160 + 275. Suppose -9 = -8*t + 5*t. Suppose 2*b - t*p - 98 = 0, 128 = b + 2*b + 5*p. What is the highest common factor of b and l?
23
Let u(s) = -s + 21. Let v be u(22). Let m(z) = -33*z**3 + 5*z**2 + 7*z + 2. Let i be m(v). What is the greatest common divisor of i and 132?
33
Suppose -4*c + 28 = 4*l, -4*l = c - 4 - 15. Suppose 2*o - l*h - 528 = 0, 165 + 79 = o + 3*h. What is the greatest common factor of o and 32?
32
Let v(a) = 2*a + 42. Let j be v(-20). Suppose -3*h + 585 = 3*u, 0 = 3*h - u - j*u - 615. Calculate the highest common divisor of h and 50.
50
Let q(g) = -6 - 7*g - 10 + 3 + 5 + g**2. Let o be q(9). Calculate the highest common divisor of o and 70.
10
Let l(k) = k**3 - k**2 - k + 2. Let v be l(1). Suppose -u = v - 14. Calculate the highest common factor of u and 13.
13
Suppose -163*t - 320 = -168*t. Calculate the greatest common factor of 8 and t.
8
Suppose 3*o = 2*o + 35. Let k be 501/7 + 15/o. Let l be (-1)/((-3)/54*2). Calculate the greatest common divisor of k and l.
9
Suppose 44*l - 16650 = 14*l. What is the g